nder when 76 is divided by j(10).
4
Let o(g) = -g**3 + 4*g**2 - 2*g - 2. Let u be o(2). Let i = -3 - u. Let b(t) = -9*t + 5. Calculate the remainder when b(i) is divided by 13.
11
Let w(b) = b**3 + 8*b**2 - 86*b + 15. What is the remainder when 48 is divided by w(-14)?
5
Suppose 116 = 3*q - 3*n + 4*n, 3*q - 91 = 4*n. Let u = 105 + -53. Suppose 3*j + j = u. Calculate the remainder when q is divided by j.
11
Suppose m - 513 = -22*y + 25*y, -5*m - 3*y + 2583 = 0. What is the remainder when m is divided by 18?
12
Let y = -23 + 34. Calculate the remainder when ((-64)/2)/(18 - (-55)/(-3)) is divided by y.
8
Let t = 119 - 52. Suppose -5*g - 17 + t = 0. Let d = 5 + 23. Calculate the remainder when d is divided by g.
8
Let s be 7/2*(36/(-28) + 3). Let u(t) = -t**2 + 14*t - 12. Let v = 245 + -104. What is the remainder when v is divided by u(s)?
33
Suppose 7*r = 2*r + 115. Let m = 6 - -6. Suppose -m*u - 10 = -14*u. What is the remainder when r is divided by u?
3
Let v(t) = -t**3 + 9*t**2 + 12*t + 8. Let x(m) = m**3 - 10*m**2 - 5*m - 42. What is the remainder when v(9) is divided by x(11)?
20
Suppose -5*t - 23 = -h, -2*h + 5*h = -3*t - 3. Suppose -164 = n - 5*n - 4*q, q = -h*n + 119. Calculate the remainder when 153 is divided by n.
36
Let y(q) = q**2 - 41*q + 307. What is the remainder when y(32) is divided by 5?
4
Let y = -6 + 17. Let u(i) = 3*i - 26. Let g(x) = -5*x + 51. Let p(v) = 4*g(v) + 7*u(v). Calculate the remainder when p(19) is divided by y.
8
Let t(p) = p**3 + 9*p**2 + 6. What is the remainder when 153/9 + 2 + -10 is divided by t(-9)?
3
Suppose 0 = -5*c + 5, -5*x + 2*c = -1063. Suppose d + 95 = 5*h - 121, -2*d + x = 5*h. Calculate the remainder when h is divided by 23.
20
What is the remainder when ((-7)/2 + 4 + 0)*24 is divided by 4?
0
Let j = -45 - -85. Suppose -60 = -2*c - 4*i, 2*c + 3*i = 9 + 54. Calculate the remainder when c is divided by 114/(-4)*j/(-60).
17
Suppose 4*k + 4*i = 1000, 5*k - 3*i = -231 + 1505. Calculate the remainder when k is divided by 53.
41
Suppose -560 = -9*p + p. Suppose -p = -2*b + 6. Calculate the remainder when b is divided by 20.
18
Suppose -4*g + 116 = -4*w, 5*g + w = 2*g + 71. What is the remainder when 48 is divided by g?
23
Suppose -10*d + 6*d = -84. Let j(z) = 12*z - 6. What is the remainder when j(9) is divided by d?
18
Suppose 0 = -c + 5*y + 20, 4*c + 12*y = 13*y + 42. Calculate the remainder when (-13)/(-1 - (-4)/6) is divided by c.
9
Let p be -3 + 11/(-2 - -1). Let y = -11 - p. Suppose y*t = -14 + 68. What is the remainder when 34 is divided by t?
16
Suppose 38 = 2*r + 4. Let k = 50 - r. What is the remainder when k is divided by 7?
5
Suppose 2*c - 25 = -3*c. Suppose -c*k = -p + 34, -7*k = -4*p - 2*k + 91. Let j = 17 - 12. What is the remainder when p is divided by j?
4
Suppose 5 - 2 = p. What is the remainder when -16*p*2/(-6) is divided by 10?
6
Suppose 0*a = -2*d + 3*a + 10, 3*a + 8 = 4*d. Let k(u) = -17*u**3 + 2*u**2 + 2*u + 1. What is the remainder when 88 is divided by k(d)?
16
Suppose 7*t = 8338 - 2262. Calculate the remainder when t is divided by 10.
8
Let f = 66 + -34. Calculate the remainder when 190/(-38) + (-1 - -133) is divided by f.
31
Suppose -4*a + 13 - 5 = 0. Let y(h) = 3*h**3 - 2*h**2. Calculate the remainder when 61 is divided by y(a).
13
Let o(k) = 4*k**2 + 2*k - 2. Let m be o(-3). Let n = m + -31. Calculate the remainder when (-7 + -2)*n/3 is divided by 6.
3
Let z = -99 + 117. Suppose -y - z = -32. What is the remainder when 21 is divided by y?
7
Suppose -4*c = -5*y + 38, 0 = 5*y + c - 33 + 5. Suppose -9 - 91 = -5*x. What is the remainder when x is divided by y?
2
Suppose 37*c - 32*c - 5*l = 95, 0 = -c + 4*l + 22. Calculate the remainder when 175 is divided by c.
13
Let c(x) = x**2 + 16*x - 70. Let k(o) = o**3 + 3*o**2 - 2*o + 1. Suppose -2*w - 4 = r, 6*w + 5*r + 8 = 2*w. What is the remainder when c(5) is divided by k(w)?
8
Suppose -11*r = -12*r + 74. What is the remainder when r/2 + 4/2 is divided by 20?
19
Suppose -22*m + 924 = -11*m. Suppose 0 = -4*p + 3*j - 0*j + 71, -4*p - j + 67 = 0. Calculate the remainder when m is divided by p.
16
Suppose -37*g + 35*g = -18. Let w(f) = 7*f - 1. Let l be w(6). Let r = l + -17. What is the remainder when r is divided by g?
6
Suppose 11*z = 7*z + 16. Suppose 2*w + 3*v - 75 = 0, -2*w + z*v - 3*v = -63. Suppose w = h + 13. What is the remainder when 77 is divided by h?
17
Let i(w) = -w**2 - 29*w + 399. Let j = 53 - 37. Calculate the remainder when j is divided by i(-39).
7
Let s(t) = -32*t - 335. Calculate the remainder when s(-22) is divided by 29.
21
Let o(d) = -d**3 + 10*d**2 - 17*d - 3. Calculate the remainder when 88 is divided by o(7).
13
Let y = 66 + 7. Suppose 0 = -5*i - y + 8. Let l = i + 15. What is the remainder when l is divided by 2?
0
Let k = -610 + 650. What is the remainder when 194 is divided by k?
34
Let b(z) = 31*z**3 + z**2 + 6*z - 7. What is the remainder when 1 - (-5)/(15/354) is divided by b(1)?
26
Let z(m) = m**3 - 7*m**2 - 8*m + 10. Let q be z(8). Suppose 0 = 5*f - q*f + 65. What is the remainder when 114/4*(-4)/(-3) is divided by f?
12
Let y(o) = -o - 3. Let r be 3 + 19/(-1) + 1. Calculate the remainder when 47 is divided by y(r).
11
Suppose 2*j - 392 = 4*b, 3*b - 22 + 10 = 0. Calculate the remainder when j is divided by 55.
39
Suppose -2*s = -3*z - 79, -38 + 149 = 3*s - 2*z. Calculate the remainder when 35 is divided by s.
0
Suppose -9 - 19 = -2*m. Calculate the remainder when (-32)/5*(-35)/m is divided by 10.
6
Let f be (-18)/12*10/(-3) - 0. Calculate the remainder when 44/10*f/2 is divided by 2.
1
Let r(b) = b**2 - 8*b + 26. Suppose 28 + 14 = 7*c. Calculate the remainder when 193 is divided by r(c).
11
Suppose 0 = i + 30 - 94. Let d(a) = 32*a**2 - 3*a + 3. What is the remainder when d(2) is divided by i?
61
Let p(f) = f - 5. What is the remainder when 11 is divided by p(11)?
5
Let a = 305 + -243. What is the remainder when 239 is divided by a?
53
Let z = -2 + 4. Suppose 34 + 2 = z*q. Suppose -6*v = -10*v + 28. Calculate the remainder when q is divided by v.
4
Let q be 2*(-7 + 5)/(-4). What is the remainder when 8/(q*(-10)/(-45)) is divided by 21?
15
Suppose -2*r = 5 - 27. Let k be ((-266)/(-57))/(1/(-6)). Let w = k - -58. What is the remainder when w is divided by r?
8
Let q = 83 - 24. Let f = 199 - 178. What is the remainder when q is divided by f?
17
Calculate the remainder when 174 is divided by (2 + 15/(-9))*(33 + -18).
4
Calculate the remainder when (-24 + 25)/((-2)/(-214)) is divided by 32.
11
Suppose l + 0*l = 6. Suppose 0 = 3*t - 3 - l. What is the remainder when 75 - (t - 3)*1 is divided by 19?
18
Let h be -2*((-33)/6 - -3). Suppose 2*u + 0*o = 5*o + 20, 3*o = h*u - 12. Suppose 0*b + 4*b - 36 = u. What is the remainder when 17 is divided by b?
8
Let n = 40 + 13. What is the remainder when 58 is divided by n?
5
What is the remainder when -3 + 5 + (43 - -3) is divided by 16?
0
Let t(y) = -40*y + 54. What is the remainder when t(-1) is divided by 16?
14
Suppose 210 = 3*m - 0*m. Let c = m - 42. Let l(v) = -v**2 + 18*v - 19. What is the remainder when l(12) is divided by c?
25
Let z = -7 - -13. Let r(h) = -2*h**2 + 33*h - 40. Calculate the remainder when z is divided by r(15).
1
Suppose 2*h - l - 11 = 0, 3*h - 4*l = 7*h - 16. Suppose 23 = -4*y + h*y. Calculate the remainder when 44 is divided by y.
21
Suppose 161*y - 158*y - 48 = 0. What is the remainder when 31 is divided by y?
15
What is the remainder when 22 is divided by 6 + (4/3)/((-6)/(-9))?
6
Let f(l) = -l**2 + 12*l + 17. Calculate the remainder when 155 is divided by f(7).
51
Suppose 0 = 5*m - 5*p - 500, 3*m = -0*p + 4*p + 296. What is the remainder when m is divided by 15?
14
Let h(m) = 7*m - 45. Calculate the remainder when h(9) is divided by 5.
3
What is the remainder when 1528 is divided by 14 + -13 + 4 + -3 + 8?
8
Suppose -7*q = -70 - 105. Let d = 53 - q. What is the remainder when 167 is divided by d?
27
Suppose -198*o + 199*o = 30. What is the remainder when 1468 is divided by o?
28
Suppose -5*z + 1043 = 393. Let r = 8 + -4. Suppose -2*k + 2*i + z = 0, 0 = -2*k - r*i + 151 - 39. What is the remainder when k is divided by 21?
20
Let n = -40 + 47. Suppose -6*y = -5*y. Suppose y = -4*j + 3*j + 18. Calculate the remainder when j is divided by n